{"id":208,"date":"2016-08-02T06:49:31","date_gmt":"2016-08-02T09:49:31","guid":{"rendered":"http:\/\/www.engenhariacaseira.com.br\/blog\/?page_id=208"},"modified":"2020-04-11T07:58:41","modified_gmt":"2020-04-11T10:58:41","slug":"como-produzir-pci","status":"publish","type":"page","link":"https:\/\/www.engenhariacaseira.com.br\/blog\/","title":{"rendered":""},"content":{"rendered":"<p><script async=\"\" src=\"\/\/pagead2.googlesyndication.com\/pagead\/js\/adsbygoogle.js\"><\/script> <!-- P\u00e1gina frontal - 1 (www.engenhariacaseira.com.br) --> <ins class=\"adsbygoogle\" style=\"display: block;\" data-ad-client=\"ca-pub-2291218559437701\" data-ad-slot=\"8648686079\" data-ad-format=\"auto\"><\/ins> <script><br \/>\n(adsbygoogle = window.adsbygoogle || []).push({});<br \/>\n<\/script><\/p>\n<h2>Como fazer placas de circuito impresso com furos metalizados e qualidade industrial em casa<\/h2>\n<p><span style=\"font-family: verdana, geneva, sans-serif; font-size: 14pt;\"><span style=\"line-height: 1.5;\">1 &#8211; <\/span><a style=\"line-height: 1.5;\" href=\"?p=44\">Introdu\u00e7\u00e3o<\/a><\/span><\/p>\n<p><span style=\"font-family: verdana, geneva, sans-serif; font-size: 14pt;\">2 &#8211;\u00a0<a href=\"?p=43\">Solu\u00e7\u00e3o Ativadora<\/a><\/span><\/p>\n<p><span style=\"font-family: verdana, geneva, sans-serif; font-size: 14pt;\">3 &#8211;\u00a0<a href=\"?p=42\">Metalizando os furos da PCI<\/a><\/span><\/p>\n<p><span style=\"font-family: verdana, geneva, sans-serif; font-size: 14pt;\">3.1 &#8211;\u00a0<a href=\"?p=41\">Metalizando os furos da PCI<\/a><\/span><\/p>\n<p><span style=\"font-family: verdana, geneva, sans-serif; font-size: 14pt;\">4 &#8211;\u00a0<a href=\"?p=40\">Solu\u00e7\u00e3o para a eletrodeposi\u00e7\u00e3o de cobre<\/a><\/span><\/p>\n<p><span style=\"font-family: verdana, geneva, sans-serif; font-size: 14pt;\">5 &#8211;\u00a0<a href=\"?p=39\">Produzindo Hipofosfito de C\u00e1lcio em Casa<\/a><\/span><\/p>\n<p><span style=\"font-family: verdana, geneva, sans-serif; font-size: 14pt;\">6 &#8211;\u00a0<a href=\"?p=38\">Eletrodeposi\u00e7\u00e3o com Pulso e Pulso Reverso<\/a><\/span><\/p>\n<p><span style=\"font-family: verdana, geneva, sans-serif; font-size: 14pt;\">7 &#8211;\u00a0<a href=\"?p=36\">Processos fotogr\u00e1ficos<\/a><\/span><\/p>\n<p><span style=\"font-family: verdana, geneva, sans-serif; font-size: 14pt;\">8 &#8211;\u00a0<a href=\"?p=35\">Dry-Film<\/a><\/span><\/p>\n<p><span style=\"font-family: verdana, geneva, sans-serif; font-size: 14pt;\">9 &#8211;\u00a0<a href=\"?p=34\">Deposi\u00e7\u00e3o de estanho<\/a><\/span><\/p>\n<p><span style=\"font-family: verdana, geneva, sans-serif; font-size: 14pt;\">10 &#8211;\u00a0<a href=\"?p=32\">Fotolito<\/a><\/span><\/p>\n<p><span style=\"font-family: verdana, geneva, sans-serif; font-size: 14pt;\">11 &#8211;\u00a0\u00a0<a href=\"?p=31\">Swell-And-Etch<\/a><\/span><\/p>\n<p><span style=\"font-size: 14pt; font-family: verdana, geneva, sans-serif;\">12 &#8211;\u00a0<a href=\"https:\/\/www.engenhariacaseira.com.br\/blog\/?p=283\">Ativa\u00e7\u00e3o com Prata e Metaliza\u00e7\u00e3o com Cobre Eletrol\u00edtico<\/a><\/span><\/p>\n<hr \/>\n<h2>Ativa\u00e7\u00e3o Com Prata e Metaliza\u00e7\u00e3o Com Cobre Eletrol\u00edtico &#8211; Furos Metalizados<\/h2>\n<p style=\"text-align: justify;\"><span style=\"font-family: verdana, geneva, sans-serif;\">Ol\u00e1 pessoal, depois de muito tempo sem postar, venho com um artigo muito esperado por todos, trata-se da ativa\u00e7\u00e3o dos furos com banho qu\u00edmico de cobre (sem eletricidade).<\/span><\/p>\n<p style=\"text-align: center;\"><iframe loading=\"lazy\" src=\"https:\/\/www.youtube.com\/embed\/9uXMydxALUs\" width=\"560\" height=\"315\" frameborder=\"0\" allowfullscreen=\"allowfullscreen\"><\/iframe><\/p>\n<p style=\"text-align: justify;\"><span style=\"font-family: verdana, geneva, sans-serif;\">Como j\u00e1 visto em outro artigo (<a href=\"https:\/\/www.engenhariacaseira.com.br\/blog\/?p=43\">https:\/\/www.engenhariacaseira.com.br\/blog\/?p=43<\/a>), para fazer a metaliza\u00e7\u00e3o dos<\/span><\/p>\n<p> <span class=\"read-more\"><a href=\"https:\/\/www.engenhariacaseira.com.br\/blog\/?p=283\" title=\"Ativa\u00e7\u00e3o Com Prata e Metaliza\u00e7\u00e3o Com Cobre Eletrol\u00edtico - Furos Metalizados\">Read more<\/a><\/span><\/p>\n\n<hr \/>\n<h2>Projeto E-Plater v2.0 para eletrodeposi\u00e7\u00e3o pulsada<\/h2>\n<p style=\"text-align: center;\"><a href=\"https:\/\/www.engenhariacaseira.com.br\/blog\/wp-content\/uploads\/2016\/10\/CIMG0262.jpg\"><img loading=\"lazy\" decoding=\"async\" class=\"aligncenter wp-image-242\" src=\"https:\/\/www.engenhariacaseira.com.br\/blog\/wp-content\/uploads\/2016\/10\/CIMG0262-300x225.jpg\" alt=\"e-plater2\" width=\"450\" height=\"337\" srcset=\"https:\/\/www.engenhariacaseira.com.br\/blog\/wp-content\/uploads\/2016\/10\/CIMG0262-300x225.jpg 300w, https:\/\/www.engenhariacaseira.com.br\/blog\/wp-content\/uploads\/2016\/10\/CIMG0262-600x450.jpg 600w, https:\/\/www.engenhariacaseira.com.br\/blog\/wp-content\/uploads\/2016\/10\/CIMG0262-768x576.jpg 768w, https:\/\/www.engenhariacaseira.com.br\/blog\/wp-content\/uploads\/2016\/10\/CIMG0262-1024x768.jpg 1024w\" sizes=\"auto, (max-width: 450px) 100vw, 450px\" \/><\/a><\/p>\n<p style=\"text-align: justify;\"><span style=\"font-family: verdana, geneva, sans-serif;\">Agora o e-plater conta com\u00a0um local exclusivo para a manuten\u00e7\u00e3o do projeto e todos os seus arquivos se encontram no site\u00a0<a href=\"https:\/\/sourceforge.net\/projects\/e-plater\/\">Source Forge<\/a>. L\u00e1 voc\u00ea encontra os arquivos de layout e o c\u00f3digo fonte mais recente.<\/span><\/p>\n<p style=\"text-align: justify;\"><span style=\"font-family: verdana, geneva, sans-serif;\">A partir<\/span><\/p>\n<p> <span class=\"read-more\"><a href=\"https:\/\/www.engenhariacaseira.com.br\/blog\/?p=237\" title=\"Projeto E-Plater v2.0 para eletrodeposi\u00e7\u00e3o pulsada\">Read more<\/a><\/span><\/p>\n\n<hr \/>\n<h2>Aplicando m\u00e1scara de solda fotossens\u00edvel com o uso de um aer\u00f3grafo.<\/h2>\n<p style=\"text-align: justify;\"><a href=\"https:\/\/www.engenhariacaseira.com.br\/blog\/wp-content\/uploads\/2016\/06\/20160628_084008.jpg\"><img loading=\"lazy\" decoding=\"async\" class=\"aligncenter  wp-image-195\" src=\"https:\/\/www.engenhariacaseira.com.br\/blog\/wp-content\/uploads\/2016\/06\/20160628_084008-300x169.jpg\" alt=\"20160628_084008\" width=\"440\" height=\"248\" srcset=\"https:\/\/www.engenhariacaseira.com.br\/blog\/wp-content\/uploads\/2016\/06\/20160628_084008-300x169.jpg 300w, https:\/\/www.engenhariacaseira.com.br\/blog\/wp-content\/uploads\/2016\/06\/20160628_084008-600x338.jpg 600w, https:\/\/www.engenhariacaseira.com.br\/blog\/wp-content\/uploads\/2016\/06\/20160628_084008-768x432.jpg 768w, https:\/\/www.engenhariacaseira.com.br\/blog\/wp-content\/uploads\/2016\/06\/20160628_084008-1024x576.jpg 1024w\" sizes=\"auto, (max-width: 440px) 100vw, 440px\" \/><\/a><\/p>\n<p style=\"text-align: justify;\">Ol\u00e1 pessoal. Tenho recebido muitas d\u00favidas sobre a aplica\u00e7\u00e3o da m\u00e1scara de solda fotossens\u00edvel em PCI. Para ajudar nas d\u00favidas\u00a0fiz um video mostrando como aplicar\u00a0m\u00e1scara de solda usando um aer\u00f3grafo.<\/p>\n<p style=\"text-align: center;\"><iframe loading=\"lazy\" src=\"https:\/\/www.youtube.com\/embed\/6KRppGdyBW0\" width=\"560\" height=\"315\" frameborder=\"0\" allowfullscreen=\"allowfullscreen\"><\/iframe><\/p>\n<p style=\"text-align: center;\">\n<p style=\"text-align: justify;\">No manual do fabricante\u00a0diz que a<\/p>\n<p> <span class=\"read-more\"><a href=\"https:\/\/www.engenhariacaseira.com.br\/blog\/?p=194\" title=\"Aplicando m\u00e1scara de solda fotossens\u00edvel com o uso de um aer\u00f3grafo.\">Read more<\/a><\/span><\/p>\n\n","protected":false},"excerpt":{"rendered":"<p>Como fazer placas de circuito impresso com furos metalizados e qualidade industrial em casa 1 &#8211; Introdu\u00e7\u00e3o 2 &#8211;\u00a0Solu\u00e7\u00e3o Ativadora 3 &#8211;\u00a0Metalizando os furos da PCI 3.1 &#8211;\u00a0Metalizando os furos da PCI 4 &#8211;\u00a0Solu\u00e7\u00e3o para a eletrodeposi\u00e7\u00e3o de cobre 5 &#8211;\u00a0Produzindo Hipofosfito de C\u00e1lcio em Casa 6 &#8211;\u00a0Eletrodeposi\u00e7\u00e3o com Pulso e Pulso Reverso 7 &#8211;\u00a0Processos &#8230; <a title=\"\" class=\"read-more\" href=\"https:\/\/www.engenhariacaseira.com.br\/blog\/\" aria-label=\"Read more about \">Ler mais<\/a><\/p>\n","protected":false},"author":1,"featured_media":0,"parent":0,"menu_order":0,"comment_status":"closed","ping_status":"closed","template":"","meta":{"footnotes":""},"class_list":["post-208","page","type-page","status-publish"],"amp_enabled":false,"post_mailing_queue_ids":[],"_links":{"self":[{"href":"https:\/\/www.engenhariacaseira.com.br\/blog\/index.php?rest_route=\/wp\/v2\/pages\/208","targetHints":{"allow":["GET"]}}],"collection":[{"href":"https:\/\/www.engenhariacaseira.com.br\/blog\/index.php?rest_route=\/wp\/v2\/pages"}],"about":[{"href":"https:\/\/www.engenhariacaseira.com.br\/blog\/index.php?rest_route=\/wp\/v2\/types\/page"}],"author":[{"embeddable":true,"href":"https:\/\/www.engenhariacaseira.com.br\/blog\/index.php?rest_route=\/wp\/v2\/users\/1"}],"replies":[{"embeddable":true,"href":"https:\/\/www.engenhariacaseira.com.br\/blog\/index.php?rest_route=%2Fwp%2Fv2%2Fcomments&post=208"}],"version-history":[{"count":19,"href":"https:\/\/www.engenhariacaseira.com.br\/blog\/index.php?rest_route=\/wp\/v2\/pages\/208\/revisions"}],"predecessor-version":[{"id":517,"href":"https:\/\/www.engenhariacaseira.com.br\/blog\/index.php?rest_route=\/wp\/v2\/pages\/208\/revisions\/517"}],"wp:attachment":[{"href":"https:\/\/www.engenhariacaseira.com.br\/blog\/index.php?rest_route=%2Fwp%2Fv2%2Fmedia&parent=208"}],"curies":[{"name":"wp","href":"https:\/\/api.w.org\/{rel}","templated":true}]}}